{"id":1447,"date":"2026-02-17T21:44:18","date_gmt":"2026-02-17T21:44:18","guid":{"rendered":"https:\/\/lascodog.com\/?page_id=1447"},"modified":"2026-02-17T21:44:18","modified_gmt":"2026-02-17T21:44:18","slug":"impressum","status":"publish","type":"page","link":"https:\/\/lascodog.com\/?page_id=1447","title":{"rendered":"Impressum"},"content":{"rendered":"\n<p>Angaben gem. Paragraph 5 TMG:<\/p>\n\n\n\n<p>Lascodog<\/p>\n\n\n\n<p>No\u00e9mie Lentz <\/p>\n\n\n\n<p>rue de la R\u00e9sistance<\/p>\n\n\n\n<p>Huncherange \/Luxembourg<\/p>\n\n\n\n<p><\/p>\n\n\n\n<p class=\"has-medium-font-size\"><strong>Kontaktaufnahme<\/strong><\/p>\n\n\n\n<p>Email: nole00003@htw-saar.de<\/p>\n\n\n\n<p>Tel: 0049 176 23 646374<\/p>\n\n\n\n<p><\/p>\n\n\n\n<p>Wir sind zur Teilnahme an einem Streitbeilegungsverfahren vor einer Verbraucherschlichtungsstelle weder verpflichtet noch bereit.<\/p>\n\n\n\n<p>Haftungsauschuss &#8211; Diclaimer:<\/p>\n\n\n\n<p>Haftung f\u00fcr Inhalte, Haftungsbeschr\u00e4nkung f\u00fcr externe Links<\/p>\n\n\n\n<p><\/p>\n","protected":false},"excerpt":{"rendered":"<p>Angaben gem. Paragraph 5 TMG: Lascodog No\u00e9mie Lentz rue de la R\u00e9sistance Huncherange \/Luxembourg Kontaktaufnahme Email: nole00003@htw-saar.de Tel: 0049 176 23 646374 Wir sind zur Teilnahme an einem Streitbeilegungsverfahren vor&#8230;<\/p>\n","protected":false},"author":1,"featured_media":0,"parent":0,"menu_order":0,"comment_status":"closed","ping_status":"closed","template":"","meta":{"footnotes":""},"class_list":["post-1447","page","type-page","status-publish"],"_links":{"self":[{"href":"https:\/\/lascodog.com\/index.php?rest_route=\/wp\/v2\/pages\/1447","targetHints":{"allow":["GET"]}}],"collection":[{"href":"https:\/\/lascodog.com\/index.php?rest_route=\/wp\/v2\/pages"}],"about":[{"href":"https:\/\/lascodog.com\/index.php?rest_route=\/wp\/v2\/types\/page"}],"author":[{"embeddable":true,"href":"https:\/\/lascodog.com\/index.php?rest_route=\/wp\/v2\/users\/1"}],"replies":[{"embeddable":true,"href":"https:\/\/lascodog.com\/index.php?rest_route=%2Fwp%2Fv2%2Fcomments&post=1447"}],"version-history":[{"count":1,"href":"https:\/\/lascodog.com\/index.php?rest_route=\/wp\/v2\/pages\/1447\/revisions"}],"predecessor-version":[{"id":1448,"href":"https:\/\/lascodog.com\/index.php?rest_route=\/wp\/v2\/pages\/1447\/revisions\/1448"}],"wp:attachment":[{"href":"https:\/\/lascodog.com\/index.php?rest_route=%2Fwp%2Fv2%2Fmedia&parent=1447"}],"curies":[{"name":"wp","href":"https:\/\/api.w.org\/{rel}","templated":true}]}}